- -13.
-34
Calculate (1 - -16 - 10) + 49 + -87.
-31
What is the value of -4 + -1 - ((-10 - ((8 - 0) + -62)) + -17)?
-32
What is the value of -1 + -11 + (51 - 42) + (0 - 12)?
-15
Evaluate 28 + (13 + -63 - -17) - (-3 - 27).
25
What is the value of 16 + -2 - (40 - (11 - -45))?
30
Evaluate -1 - -26 - (-75 + 84 + 8).
8
Calculate -122 + 112 - 20 - -31.
1
What is the value of (-61 - -1) + (-36 + 12 - -41)?
-43
What is the value of (0 - -8) + -11 + (-1 + -1 - (-22 - -28))?
-11
Evaluate -58 - (-37 - (57 - 41)).
-5
-4 + 0 + -1 + 19 + -29
-15
What is -5 + 41 + -28 + -1 + -10 - (-35 + -1)?
33
What is 67 - 40 - 41 - -131 - 2?
115
(-237 + 204 - (2 + -78)) + 3
46
Evaluate -28 - (-66 + 39) - -65.
64
Calculate (36 - (61 + -39)) + (17 - 0) + 0.
31
Evaluate -24 + 55 + -28 - (15 - 0).
-12
What is -13 - -11 - (-1 + -11) - 8 - 68?
-66
-3609 - -3638 - (-3 + 127)
-95
What is (-55 - -19 - -10) + 9 + -3?
-20
What is (-5 + 99 - (1 + 13)) + (-1 + 2 - 11)?
70
What is (21798 - 21808) + (2 - (0 - 64 - -2) - 1)?
53
(5 - -23) + -47 + 15 + -51
-55
Calculate (-2 + 2 + 6 - 1) + 17 + -17 + -1.
4
What is the value of 8 + (10 + -9 + 9 + -11 - -2) - 74?
-65
Evaluate (4 + -86 - -41) + -29.
-70
Calculate -10839 + 10880 - (0 - 6 - (0 + -1 + 0)).
46
Calculate (-51 + -2 - (-52 + 38)) + (0 - -3).
-36
Calculate -151 - (-320 - -175) - (0 + (1 - 26)).
19
Calculate (50 - (300 - 103)) + 97.
-50
Evaluate -5 - 0 - (-399 + 415).
-21
Evaluate -39 - (-35 - 126 - -75).
47
What is -95 + (73 - (-15 + 89))?
-96
What is 1 + 6 - ((42 - 69) + 43 + -70)?
61
Evaluate -14 - 63 - (3 + (3 + -22 - -5)).
-66
Evaluate (19 - -2) + -18 - -90 - (-4 - -19).
78
Evaluate (-1 + 51 - 0) + (-201 - -211) - (8 - 5).
57
What is the value of -3 + 37 - (-2026 + 2095)?
-35
Calculate -6102 + 6125 - (-28 - 0).
51
What is the value of (-14 - (-58 - -41 - -24)) + -36 + 2?
-55
(4 - 15 - (-16 - -18 - 4 - 21)) + -92
-80
What is 4982 + -4947 + 1 + 5?
41
What is the value of 2 + 0 - (-2035 - -2008)?
29
What is the value of -99 + 50 + 46 + (7 - 3 - 2) + 57?
56
What is the value of (-2 + 21 + -40 - -21) + 10?
10
Evaluate -28 + 54 + -59 - 20.
-53
Evaluate 9 + -19 - -140 - (-204 + 218).
116
Calculate (-5 - -2 - (1 + (-5 - -1))) + (-9439 - -9574).
135
What is the value of -46 - (10 - (-11 - (0 + -30))) - -7?
-30
Calculate -110 - (-33 + 30 + -43 + 39).
-103
(-1 - 30 - (51 + -37)) + -7
-52
26 + (-34 - (-27 - 7))
26
(1 - -1 - 0) + (-74 - (-45 - -4)) + -5
-36
Evaluate (0 - -1) + 3 + (-16 - -18) + 3 + -10.
-1
Calculate -2 + 2 + -1 + -14 + (-7 - (6 - 9)).
-19
Evaluate (-82 + 41 - 24) + -39.
-104
(19 - 21) + -15 + -6 + 8 + 5 + -6
-16
What is -21 + 443 + -448 + -1 + -2?
-29
What is the value of 75 + -23 + 13 - 71?
-6
What is the value of ((0 - (-16 + 7 + 7)) + 6 - -15) + 10?
33
0 + -82 - (-9477 - -9377)
18
What is the value of (4 - -17) + -32 + -47 - 10?
-68
-40 + 49 - 40 - (0 + 0)
-31
Evaluate 2 + -2 + (90 - 0) - (187 + 84 + -270).
89
Evaluate -53 + 3 + 53 + 20.
23
Calculate 5 + 32 + 0 + -52 + 25 + 18.
28
Evaluate -47 + (1 - 8 - ((-15 - (-6 + 4)) + 16)).
-57
(50 - (2 - 6)) + 2 + -97 + 81
40
What is the value of (-4 - (-15 - 7)) + -3 - 6?
9
-13 - (-158 - -96 - (2 + -2))
49
What is (97 - 86 - (-2 + 25)) + -46?
-58
(-618 - -582) + (55 - 0)
19
Calculate -35 + (2 + 27 - (-21 + 57)).
-42
What is (103 - 183) + 136 - (-2 - (-1 + -14))?
43
-32 + 26 + -29 + 5
-30
What is the value of (13 - 2) + (-157 - (-190 - -101))?
-57
Evaluate -6 - (10 + (0 - -19)).
-35
What is 14 + (-4 - (19 - 33) - 34)?
-10
What is 40 + 7 + -8 + 22 + -14?
47
Evaluate 42 - (-7 + -24 - -34).
39
Evaluate 2 + -33 + (25 + 2 - (-673 - -693)).
-24
-1 + -14 - (16 + (-4 - -51) + 12)
-90
What is 8 + -21 + 155 - 28 - (-4 - -24)?
94
-82 + (24 + (20 - 20) - 3)
-61
What is -24 + (69 - 0) + 1324 + -1308?
61
What is (7 - 12) + 9 - (-389 - -366)?
27
Evaluate (2 - (51 + -3) - -7) + (-10 + -1 - -14).
-36
What is the value of -4 + 59 + -22 + -57?
-24
What is the value of 1347 + -1335 - ((1 - 3) + 22)?
-8
Evaluate 24 + 0 - (111 - (-94 + 230)).
49
Evaluate -29 + (17 - -12) - (-5 + -1) - (-28 + -1).
35
-14 - ((26 - -7) + (73 - 200))
80
What is the value of -9 + 12 - (29 + 7 - -9) - -7?
-35
Calculate (10 + -27 - -108) + 22 + -31.
82
What is the value of 2934 + -2891 - ((-2 - (0 - 2 - 2)) + 8)?
33
-4 - ((-10 - (-7 + -56)) + -18)
-39
31 - (13 - (18 - -1)) - 8
29
Calculate (-12 - 3 - (38 + (34 - 123))) + (-11 - -2).
27
54 + -84 + 5 + 90
65
What is (-44 - -5) + 129 + -90 - (-32 - (1 - 3))?
30
What is the value of -6 - (-106 + 112 - (-2 + -19 + 2 - 2))?
-33
What is the value of 31 + -39 - (-7 + (2 - -70))?
-73
What is the value of 15 + 20 + (24 - 88) - -18?
-11
Evaluate 9 + 13 + 42 + -35 + 26.
55
Calculate (-12 - (-4 + -6)) + (-5 + 7 - -11).
11
Calculate (-53 - (-45 + 57)) + 130.
65
Calculate -8 + (3 - 2) + (4 + 145 - (44 + -28)).
126
What is the value of 20 - -86 - 38 - 53?
15
-86 - -88 - (9 - 1)
-6
-21 + -2 + (-540 - -600) - -25
62
24 + -3 - (-42 + -3 - (347 - 332))
81
What is the value of (-2 - 7) + 10 - 24?
-23
Calculate (-58 - -51) + -3 + 2 + 24.
16
What is 22 - (-4 + -25 + 59) - -62?
54
Calculate -25 - (57 - (-31 + 50 + -18)).
-81
Calculate (91 - 14) + (1 - -1 - (-1 - -2)).
78
Calculate -51 + (71 - (2 + 27)).
-9
What is the value of 5 - (3 + (-9 - -42))?
-31
(1 + -59 - 3) + -1 + 31 + -361 + 317
-75
-8 - -6 - (-14 + -16 + 26)
2
What is the value of 8 + (-6 - 28 - 15)?
-41
Calculate 2 + 7 + -23 + 13 + -34.
-35
What is 2 - -110 - (-6135 + 6371)?
-124
Calculate (76 - -40) + (-19 - 23).
74
Evaluate -1 - (-64 + (-2 + 8 - -13)).
44
Calculate 377 - 427 - (-79 - -1).
28
Calculate 35 + (-21 - (-11 + 3) - -6).
28
Evaluate 1341 - 1280 - (-1 + 43).
19
Calculate (-4 - -76) + (81 - 80) + (4 - (-2 + 17)).
62
Calculate -106 - (93 - (294 - 82)).
13
What is -9 + -2 + 1 + 1 + -1 + (-179 - -168)?
-21
What is the value of -37 + -2 + 0 + 2 + -4 + -67 + 58?
-50
What is the value of -31 - 120 - (-2 + -52 + 33)?
-130
What is -8 - (-1 - -1) - (9 + -43 - -44)?
-18
Evaluate 37 + (-156 - -152) + (24 - (8 - 6)) + -4.
51
Calculate (11 - (-17 - -14) - 49) + 3 + -16.
-48
(-57 - (85 + -155)) + (-4 - 0)
9
Calculate (5 - (-8 + (-5 - (-7 - -2)))) + (-71 - 1).
-59
What is the value of 49 - (-1 + 2 + -4) - ((-103 - -16) + 91)?
48
Calculate 0 + -5 - (292 - 304).
7
What is 2 + 9 + 25 + -20 + (27 - -1)?
44
What is (7 - 47 - 3) + 291 + -180?
68
Calculate 52 - (21 - (-4 - (-14 - -2)) - 14).
53
What is (-78 - -81 - -11) + (-1 - 11)?
2
What is the value of -133 - -65 - -47 - (24 - 1)?
-44
Evaluate 635 + -621 + (-8 - -3 - 12).
-3
Calculate 5 + 8 - (12 - (14 - 10)) - (-1 + -60).
66
(-70 - (-36 - 186)) + -84
68
What is the value of 4 + -11 - (89 + -92)?
-4
What is (-9 + 22 + -6 - (-1 - -17)) + 18 - 74?
-65
What is the value of -7 + (-23 - -13) + 40 + 26?
49
What is 0 + 8 - (-19 + (-18 + -3 - (-124 + 1)))?
-75
Evaluate -10 + 0 + -10 + (6 - 3) - 5.
-22
Calculate (33 + 1 - -1) + 5 + 63 + -70.
33
Evaluate (2 - 9 - (60 - 64)) + -9.
-12
(4 - 17) + (22 - 3) + -83
-77
Calculate -11 + -21 + -25 - -150.
93
What is 8 + 19 + -9 + -11 - 70?
-63
(87 - 14) + -89 - -66
50
-45 - (-6 + 41 - 34 - (-1 + (-4 - -2)))
-49
Evaluate -2 - 0 - (-5 - (-6 - -6)) - (68 + -65).
0
What is the value of -2 + (-2 - 10) + (1083 - 1107)?
-38
Evaluate (-1 - 2) + 8 + 6 - (34 - (-53 + 125)).
49
What is (108 - (162 - 85)) + -1?
30
Calculate (-9 - -4) + (-10 + 2 - -8) - (9 + -15).
1
What is (-38 - -98 - 80) + 37 + 1 + -39?
-21
Evaluate (17 - 38) + (5 - -8) + 7 + -2.
-3
Calculate -173 + (98 - 0) + 168.
93
What is the value of -929 + 948 - (-3 - -104 - 0) - -16?
-66
What is the value of (-5 - (-27 - (26 - 23))) + 3?
28
What is (138 - 187 - -68) + (-92 - (-2 + 0))?
-71
What is -99 - -122 - (57 + -11)?
-23
What is (-2 - 9) + 98 - (-3 + -2 + 24)?
68
Evaluate 4 + -5 - (46 + 0 - -47).
-94
Calculate -340 - (-213 - 112) - (52 + -1).
-66
9 - ((0 - 2) + 103 + (68 - 20) + -60)
-80
What is -2 + -3 + (-21 - 11) + 26 - -29?
18
Evaluate (-35 - -5 - (-108 + 83)) + 2 + 96 + -2.
91
(-15 - 1 - -3) + (2 - (6 + -9))
-8
What is -85 - (0 + (67 - 116))?
-36
What is (8 - 74 - -12) + -14 - (15 + -3) - -9?
-71
What is the value of 78 - (58 + (-36 - -4))?
52
What is the value of -66 + -7 + 69 + 47?
43
Evaluate 15 - -7 - (-6 + 15 + -1 + 4).
10
What is 0 + 138 + -4 - (0 + 9 - (-11 - -14))?
128
Evaluate -71 + 199 + -12 + -67